 + 20273 = -728*i. What is the thousands digit of i?
1
Let d = -61 + 61. Suppose c = g - 0*g - 136, -5*g - 2*c + 659 = d. What is the hundreds digit of g?
1
Suppose f - 5*h = 15, f + 4*f + 5*h = -45. Let o(r) be the third derivative of -r**4/24 + r**3/6 + 6*r**2. What is the units digit of o(f)?
6
Let w be (8 - 9)/(0 + -1). Let u be w/2 - 21/(-6). Let a(y) = 3*y - 4. What is the units digit of a(u)?
8
Let k = 978 - 585. What is the units digit of k?
3
Suppose -224 = -g - 2*i, 2*g + 3*g - 4*i = 1176. Suppose -27*n + 31*n = g. What is the units digit of n?
8
Let w(l) = 159*l - 39*l - 1 - 1. Let j be w(1). Suppose 5*c + 4*p = j - 18, -c = -p - 20. What is the units digit of c?
0
Let j = 24 + -19. Suppose -2*a - a = j*g - 230, 5*g = 2*a - 170. What is the tens digit of a?
8
Let h be -4*((-3)/4)/(-1). Suppose 8954 = 30*t - 27346. What is the tens digit of (h/5)/((-22)/t)?
3
Let y be 560 + (-8)/(2 - 0/3). Let t = 828 - y. What is the units digit of t?
2
What is the units digit of 2/(((-9)/(-9))/27)?
4
Let b(s) = s**3 + 14*s**2 + 12. Suppose 0*c = -4*c - 5*g - 46, -g + 72 = -5*c. What is the tens digit of b(c)?
1
Let q(g) = -132*g + 18. What is the hundreds digit of q(-2)?
2
Suppose 0 = 5*f - 2*b - 2313, -52 = -f - 5*b + 416. What is the hundreds digit of f?
4
Let z(u) = -u**2 + 8*u + 11. Let w(j) = -j**3 - 6*j**2 + 7. Let g be w(-6). What is the tens digit of z(g)?
1
What is the thousands digit of -9*878*(56/21)/(-8)?
2
Suppose 2*s + 4*m + 36 = 0, -3*s - 2*m = 2*m + 56. Let b = -46 - s. Let j = b + 52. What is the units digit of j?
6
What is the hundreds digit of (-11)/(110/(-7564)) - (-8)/(-20)?
7
Let i(h) = 3*h**3 + 0*h**3 - 1 - 9*h - 2*h**3 - h + 9*h**2. Let n be i(-10). What is the tens digit of 36/(-24)*(n + -41)?
6
Let l be (0/(-2))/(0 + 1). Suppose o + 0*o - 18 = l. What is the units digit of 3/(-18) - (-129)/o?
7
Let d(j) = -j**3 - j - 1. Let p(r) = -3*r**3 - 19*r**2 + 23. Let l(n) = 2*d(n) - p(n). What is the units digit of l(-19)?
3
Suppose -2*c - c = -15. Let q(s) = -50*s**2 - 7*s - 5. Let g be q(c). What is the units digit of g/(-45)*(-3)/(-2)?
3
Suppose -5*r - s = 2*s - 2145, 4*s - 1287 = -3*r. What is the units digit of r?
9
Let x(y) = y**3 - 10*y**2 - 12*y + 42. Let n be x(12). Suppose n = -5*b + 6*b. What is the tens digit of b?
8
Suppose 968 = -19*i + 21*i. What is the tens digit of i?
8
Suppose -5*f + f - 2*d = -6, 3*f = -2*d + 3. Suppose 0 = -2*l - x + 270, x = f*l - 2*x - 396. What is the hundreds digit of l?
1
Let f(d) = 162*d**2 + 2. Suppose 4*t + 4*x - 20 = 0, 0 = 3*x - 12. What is the hundreds digit of f(t)?
1
Let j be (6/8 - 2036/48)*-3. Let g = j + 47. What is the units digit of g?
2
Let t be (-12)/(-48) - (-23)/4. Suppose 15 = t*a - 3*a. Suppose -2*k + 137 = a*d, 2*k + 2*d = 5*d + 113. What is the tens digit of k?
6
Let q be -6 - (1 + -3 - 0). Let l be 11/44 - 11/q. Suppose -3*i = -3*f + l, 5*f + 4*i + i - 25 = 0. What is the units digit of f?
3
Suppose 5*n = 5*v + 125, -3*n = -0*v + 3*v + 69. Let t be v/(-32) - 394/(-8). Suppose 0 = -4*z - 16, -a + 4*a = 2*z + t. What is the units digit of a?
4
Let o(a) = -a**3 - 17*a**2 + 37*a - 15. Let v be o(-19). Suppose -106 = -3*q + v*f + 283, -5*q = f - 610. What is the hundreds digit of q?
1
What is the units digit of 6693/23*52/6?
2
Let g(u) = -4*u - 4. Let n be g(5). Let m be ((-44)/(-6))/(40/(-48) + 1). Let o = n + m. What is the tens digit of o?
2
Let j(i) = 3*i - 3. Let h(y) = 5*y - 7. Let a(d) = -4*h(d) + 7*j(d). Let s be a(-3). Suppose -s*b = -0*b - 92. What is the units digit of b?
3
Suppose 89 = 3*q - 961. What is the tens digit of q?
5
Let m(u) = 18 - 2*u - 4*u - 8 + u. Suppose -4*d - d = 3*v + 44, -23 = 5*d - 4*v. What is the tens digit of m(d)?
4
Suppose -3*i + 163 + 20 = 0. Suppose 3*h = 18 + 105. Let w = i - h. What is the units digit of w?
0
Suppose z = -1, 4*z = 5*i + 5*z - 11459. What is the tens digit of i?
9
Suppose 0 = -49*x + 31*x + 4122. What is the tens digit of x?
2
Let c(y) = y**2 + 13*y - 5*y**2 + 5 - 12. Let r(k) = 9*k**2 - 27*k + 15. Let h(l) = -7*c(l) - 3*r(l). What is the tens digit of h(11)?
1
Suppose q + 2 = -3*x, -3*q - 2*x = -0*x - 22. Let i = 59 + -35. Let o = i + q. What is the units digit of o?
4
Suppose 0 = 2*w - 5*i - 13, 4*w = 5*i + 12 + 9. Let d be 4 + -1 + 4 - 2. Suppose 0 = -2*f + w*n + 24, 2*n + 74 + 18 = d*f. What is the units digit of f?
0
Let b be (-2 + -2)/12*-3. Let r be ((3 - -6) + 2)*b. Let q = 23 - r. What is the units digit of q?
2
Let u(f) = -3*f**3 - 3*f**2 + 9*f + 15. What is the tens digit of u(-6)?
0
Suppose -3*t = 5*o - t - 1659, -5*o + t + 1668 = 0. What is the units digit of o?
3
Suppose 42*h = 144*h - 237456. What is the tens digit of h?
2
Suppose -518 = 13*b - 14*b - 6*v, 5*v - 1036 = -2*b. What is the hundreds digit of b?
5
Suppose w + 4 = -u, 18*w + 16 = -2*u + 14*w. What is the units digit of u - -48 - (-6 + (-45)/(-5))?
5
Suppose 5*w + 25 = -4*k, -3*k - 29 = 4*w + 2*k. Let b(f) = -36713*f + 6*f**2 + 13*f**2 + 36713*f. What is the units digit of b(w)?
9
Let x = 5 - 1. Let d = 1 + -1. Suppose 3*r - 21 = -5*k, 2*r + 0*k + x*k - 14 = d. What is the units digit of r?
7
Let a be -2 + (3 - 81) - -3. Let r = 172 + a. Suppose 0 = -5*g - 4*o + 86, 5*g - o - r = 4*o. What is the tens digit of g?
1
Suppose 2*r - 4*r + 4 = 0. Suppose v - r = -13. What is the units digit of (-57)/v - (-8)/(-44)?
5
What is the hundreds digit of (9 - 693/(-84))/((-6)/(-272))?
7
Suppose 0 = 8*a + 87 - 7. Let l(u) = -u**2 - 22*u - 29. What is the tens digit of l(a)?
9
Suppose 5010 = 8*c - 16870. What is the units digit of c?
5
Let k be (-8)/(-3 + 98/34). Suppose 4*f - 4*c + k = 0, 2 = -3*f - 5*c - 33. Let y = 11 - f. What is the units digit of y?
6
Let v = 36 + -40. What is the tens digit of 3 - ((-7 - v) + -79)?
8
Suppose 85 - 400 = -5*q. Suppose -4*w - q - 297 = 0. Let m = w + 151. What is the units digit of m?
1
Let g(u) = 17*u**2 - u - 2. Let y be g(-1). What is the units digit of (-6)/8 - (-76)/y?
4
Suppose -20*g = -26*g + 1980. What is the units digit of g?
0
What is the hundreds digit of ((-3)/(-9))/(-1 + 3180/3177)?
3
Let c = 398 - 382. Let x = 9 + -17. Let r = c - x. What is the units digit of r?
4
What is the hundreds digit of (-5106)/(-9) - (-7)/(-21)?
5
Let f be (-2 + 0 + 3)/(-1). Let t be (f - -1)/3 - -2. Suppose t*m = -0*m + 54. What is the tens digit of m?
2
Suppose -32*z + 33*z = 15. Let o = z - 15. What is the units digit of -7 - (o - 4) - -29?
6
Suppose -3*n = -4*o + 4, 0*o - 5*o + 2*n + 5 = 0. Let z = -3 - -5. Suppose 0 = -f - o + z. What is the units digit of f?
1
Suppose 0 = 3*c - 23 - 1. Suppose -z - 3*f + c*f = -49, 0 = 3*f + 9. Suppose 4*t + 2 = z. What is the units digit of t?
8
Let z(q) = q**2 - 2*q + 3. Let m be z(2). Suppose -m*b + 272 = 80. What is the units digit of b/2 + 0 + 2?
4
Let g(l) = -l**2 + 14*l - 10. Let u be g(8). Let j = 1 + u. What is the tens digit of j?
3
Let t(r) = r**3 - 13*r**2 + 4. Let c be (-108)/(-8) + (-2)/4. Let o be t(c). Suppose o*h = s + 2*s - 12, 5*h = 4*s - 16. What is the units digit of s?
4
What is the hundreds digit of 290 - (-2)/4*(-3 + 3)?
2
Suppose 12*j = 3999 - 315. What is the tens digit of j?
0
Let h = -463 + 877. What is the units digit of h?
4
Let r = 13 - 5. Let m(c) = -3*c**3 + 5*c**2 + 4*c - 8. Let x(t) = -t**3 - t**2 - 1. Let f(o) = -m(o) + 2*x(o). What is the tens digit of f(r)?
3
Let t = 221 + -116. Let o be (-15)/15 + -1 + -63. Let c = o + t. What is the units digit of c?
0
Suppose 3*z - 88 = 17. Suppose -3*q = 2*o - 321, o = 3*q + z + 139. Suppose 4*v + 3*a + 37 - o = 0, 3*v + 5*a = 96. What is the tens digit of v?
3
Suppose 0 = 11*q - 9*q - 4. Suppose q*y = 382 + 54. What is the hundreds digit of y?
2
Suppose j = -3*t + 18 - 2, -5*t + 5*j = 0. Suppose -t*y + 2*s - 20 = 0, 2*y - 3*s = -y - 9. Let q(k) = k**3 + 9*k**2 + 8*k - 9. What is the tens digit of q(y)?
3
Let u be (50/30)/((-1)/(-156)). Suppose h = -3*h + u. Let m = 118 - h. What is the units digit of m?
3
Let k = 453 + 277. What is the hundreds digit of k?
7
Let q(x) = 2*x**3 + 2*x**2 - 5*x + 4. Suppose -51 + 49 = -s. What is the units digit of q(s)?
8
Let f be ((-1)/2*0)/(-113 + 110). Suppose f = -6*d - 88 + 310. What is the tens digit of d?
3
Suppose c + 9 = 4*h - 0, 4*c = 5*h + 19. Suppose -c = 3*t - 5. What 